3960711.
2371, 18541
What are the prime factors of 2687575749?
3, 3659, 244837
What are the prime factors of 526969071?
3, 317, 6841
List the prime factors of 49360044.
2, 3, 17, 43, 331
List the prime factors of 149733773.
7, 17, 1258267
List the prime factors of 24257217.
3, 47, 89, 1933
What are the prime factors of 1245406976?
2, 11, 37, 11953
List the prime factors of 194246805.
3, 5, 12949787
What are the prime factors of 427185007?
427185007
List the prime factors of 73632785.
5, 47, 313331
What are the prime factors of 493975359?
3, 31, 1770521
List the prime factors of 593590799.
19, 59, 529519
List the prime factors of 167574942.
2, 3, 9309719
List the prime factors of 1471835862.
2, 3, 7, 11681237
List the prime factors of 1902827067.
3, 19, 33382931
List the prime factors of 1441717934.
2, 720858967
List the prime factors of 683845499.
23, 263, 113051
List the prime factors of 505021547.
37, 13649231
What are the prime factors of 575250888?
2, 3, 23968787
List the prime factors of 301182394.
2, 1193, 126229
List the prime factors of 93002588.
2, 7, 474503
What are the prime factors of 12222428?
2, 41, 74527
What are the prime factors of 398475401?
101, 3945301
What are the prime factors of 4954460853?
3, 1651486951
What are the prime factors of 432547533?
3, 11, 47, 313
What are the prime factors of 3199172249?
7, 13, 233, 150883
List the prime factors of 106318131.
3, 37, 957821
List the prime factors of 4241199.
3, 19, 37, 2011
List the prime factors of 86384377.
43, 2008939
What are the prime factors of 54602987?
149, 366463
What are the prime factors of 319260387?
3, 59, 1213, 1487
What are the prime factors of 149848314?
2, 3, 7, 11, 47, 67, 103
What are the prime factors of 50770350?
2, 3, 5, 257, 439
List the prime factors of 82301287.
82301287
List the prime factors of 947598933.
3, 315866311
List the prime factors of 251445269.
23, 2671, 4093
What are the prime factors of 168514623?
3, 251, 74597
What are the prime factors of 62128568?
2, 7766071
List the prime factors of 2604591557.
2604591557
List the prime factors of 269696570.
2, 5, 11, 13, 151, 1249
What are the prime factors of 44686036?
2, 101, 110609
List the prime factors of 3448481.
19, 181499
What are the prime factors of 125147993?
137, 197, 4637
List the prime factors of 84463376.
2, 5278961
List the prime factors of 89157630.
2, 3, 5, 223, 13327
List the prime factors of 39709836.
2, 3, 307, 3593
List the prime factors of 936512229.
3, 23, 263, 51607
List the prime factors of 156410569.
7, 22344367
List the prime factors of 60006274.
2, 137, 219001
What are the prime factors of 286355863?
2137, 133999
What are the prime factors of 1254283015?
5, 103, 2435501
What are the prime factors of 968582237?
7, 41, 307, 10993
List the prime factors of 794797100.
2, 5, 7947971
What are the prime factors of 1854274404?
2, 3, 113, 1367459
What are the prime factors of 21604029?
3, 761, 9463
What are the prime factors of 220092109?
509, 432401
List the prime factors of 32084761.
32084761
List the prime factors of 3208746257.
691, 1523, 3049
List the prime factors of 72431100.
2, 3, 5, 7, 11497
What are the prime factors of 202447708?
2, 50611927
List the prime factors of 23794278.
2, 3, 151, 26263
What are the prime factors of 54055258?
2, 31, 661, 1319
List the prime factors of 5040585379.
5040585379
List the prime factors of 12178759.
12178759
What are the prime factors of 907243519?
7, 13, 9969709
What are the prime factors of 84303943?
84303943
List the prime factors of 781859661.
3, 11, 271, 87427
List the prime factors of 249558825.
3, 5, 19, 175129
What are the prime factors of 4943262776?
2, 227, 2722061
What are the prime factors of 156640456?
2, 7, 409, 977
What are the prime factors of 939035804?
2, 7, 4790999
What are the prime factors of 196054707?
3, 5507, 11867
List the prime factors of 95599858.
2, 5011, 9539
List the prime factors of 2103712047.
3, 2467, 31583
List the prime factors of 50933027.
43, 1184489
What are the prime factors of 596566087?
13, 379, 121081
What are the prime factors of 840728185?
5, 11, 15285967
What are the prime factors of 690732510?
2, 3, 5, 13, 241, 7349
List the prime factors of 283713855.
3, 5, 23, 47, 17497
What are the prime factors of 32262229?
61, 167, 3167
List the prime factors of 1641299603.
67, 365627
List the prime factors of 106543018.
2, 53271509
List the prime factors of 2843999145.
3, 5, 13, 43, 167, 677
List the prime factors of 169215882.
2, 3, 11, 2563877
List the prime factors of 76600165.
5, 29, 653, 809
List the prime factors of 2650148549.
17923, 147863
List the prime factors of 243303421.
243303421
What are the prime factors of 107794062?
2, 3, 59, 101501
List the prime factors of 39495156.
2, 3, 43, 76541
List the prime factors of 183451282.
2, 7, 271, 48353
List the prime factors of 217635155.
5, 163, 267037
What are the prime factors of 182774122?
2, 8219, 11119
What are the prime factors of 1519582616?
2, 189947827
What are the prime factors of 221855661?
3, 17, 1019, 1423
List the prime factors of 6942723117.
3, 11, 19125959
List the prime factors of 39704429.
39704429
What are the prime factors of 3668718470?
2, 5, 366871847
What are the prime factors of 222646694?
2, 111323347
List the prime factors of 1338764501.
17, 1217, 64709
List the prime factors of 392084483.
7, 56012069
What are the prime factors of 555395367?
3, 2657, 69677
What are the prime factors of 821770246?
2, 11, 439, 85087
List the prime factors of 30756801.
3, 19, 53, 10181
List the prime factors of 62154684.
2, 3, 139, 12421
List the prime factors of 1150888640.
2, 5, 11, 31, 53, 199
List the prime factors of 385355388.
2, 3, 11, 17, 83, 2069
What are the prime factors of 3935298764?
2, 3803, 258697
List the prime factors of 469708179.
3, 12437, 12589
List the prime factors of 45548812.
2, 2999, 3797
List the prime factors of 918677174.
2, 8623, 53269
List the prime factors of 190926506.
2, 95463253
What are the prime factors of 22860894?
2, 3, 7, 37, 47, 313
What are the prime factors of 1867387563?
3, 207487507
List the prime factors of 145303287.
3, 5399, 8971
What are the prime factors of 44647814?
2, 17, 1313171
List the prime factors of 190576257.
3, 63525419
What are the prime factors of 407576688?
2, 3, 8491181
List the prime factors of 100018554.
2, 3, 661, 25219
List the prime factors of 2725251482.
2, 193, 7060237
List the prime factors of 72174606.
2, 3, 7, 1151, 1493
List the prime factors of 18515320.
2, 5, 101, 4583
List the prime factors of 6277922352.
2, 3, 13, 47, 71353
What are the prime factors of 204980593?
859, 238627
List the prime factors of 863749783.
13, 66442291
What are the prime factors of 799030001?
7, 11, 887, 11699
What are the prime factors of 266236095?
3, 5, 29, 612037
What are the prime factors of 45263337?
3, 7, 2155397
List the prime factors of 674157452.
2, 11621, 14503
List the prime factors of 827308563.
3, 31, 67, 4283
List the prime factors of 2864223749.
2864223749
List the prime factors of 461330073.
3, 41, 53, 2621
List the prime factors of 32672969.
7, 4667567
List the prime factors of 1183732137.
3, 7, 2087711
What are the prime factors of 262862683?
271, 619, 1567
What are the prime factors of 241919746?
2, 97, 1247009
List the prime factors of 29908277.
7, 347, 1759
List the prime factors of 158973233.
158973233
What are the prime factors of 1199391?
3, 401, 997
What are the prime factors of 278541140?
2, 5, 19, 733003
What are the prime factors of 35679686?
2, 7, 29, 87881
List the prime factors of 19904826.
2, 3, 1483, 2237
List the prime factors of 8790485.
5, 11, 23, 6949
List the prime factors of 5527229611.
127, 211, 206263
What are the prime factors of 755050429?
7, 137, 787331
List the prime factors of 644171945.
5, 137, 487, 1931
List the prime factors of 621460129.
621460129
What are the prime factors of 232796372?
2, 58199093
List the prime factors of 2074045499.
353, 709, 8287
What are the prime factors of 23949964?
2, 1109, 5399
What are the prime factors of 51718927?
13, 23, 172973
List the prime factors of 26754549.
3, 17, 524599
List the prime factors of 259928765.
5, 43, 163, 7417
List the prime factors of 337339873.
13, 23, 1128227
What are the prime factors